{"id":57,"date":"2023-12-01T05:48:49","date_gmt":"2023-12-01T05:48:49","guid":{"rendered":"https:\/\/iestpisa.edu.pe\/webiestpisa\/?page_id=57"},"modified":"2026-03-16T17:29:20","modified_gmt":"2026-03-16T17:29:20","slug":"quienes-somos","status":"publish","type":"page","link":"https:\/\/iestpisa.edu.pe\/webiestpisa\/quienes-somos\/","title":{"rendered":"Rese\u00f1a Hist\u00f3rica"},"content":{"rendered":"<body>\t\t<div data-elementor-type=\"wp-page\" data-elementor-id=\"57\" class=\"elementor elementor-57\" data-elementor-post-type=\"page\">\n\t\t\t\t\t\t<section class=\"elementor-section elementor-top-section elementor-element elementor-element-36f5b5b9 elementor-section-boxed elementor-section-height-default elementor-section-height-default\" data-id=\"36f5b5b9\" data-element_type=\"section\" data-e-type=\"section\" data-settings=\"{&quot;background_background&quot;:&quot;classic&quot;,&quot;shape_divider_bottom&quot;:&quot;curve&quot;}\">\n\t\t\t\t\t\t\t<div class=\"elementor-background-overlay\"><\/div>\n\t\t\t\t\t\t<div class=\"elementor-shape elementor-shape-bottom\" aria-hidden=\"true\" data-negative=\"false\">\n\t\t\t<svg xmlns=\"http:\/\/www.w3.org\/2000\/svg\" viewbox=\"0 0 1000 100\" preserveaspectratio=\"none\">\n    <path class=\"elementor-shape-fill\" d=\"M1000,4.3V0H0v4.3C0.9,23.1,126.7,99.2,500,100S1000,22.7,1000,4.3z\"><\/path>\n<\/svg>\t\t<\/div>\n\t\t\t\t\t<div class=\"elementor-container elementor-column-gap-default\">\n\t\t\t\t\t<div class=\"elementor-column elementor-col-100 elementor-top-column elementor-element elementor-element-4a4fa63d\" data-id=\"4a4fa63d\" data-element_type=\"column\" data-e-type=\"column\">\n\t\t\t<div class=\"elementor-widget-wrap elementor-element-populated\">\n\t\t\t\t\t\t<div class=\"elementor-element elementor-element-75f8cfb1 elementor-widget elementor-widget-heading\" data-id=\"75f8cfb1\" data-element_type=\"widget\" data-e-type=\"widget\" data-widget_type=\"heading.default\">\n\t\t\t\t<div class=\"elementor-widget-container\">\n\t\t\t\t\t<h2 class=\"elementor-heading-title elementor-size-default\">ISA - Santa Angela\u200b<\/h2>\t\t\t\t<\/div>\n\t\t\t\t<\/div>\n\t\t\t\t<div class=\"elementor-element elementor-element-222f6bb9 elementor-widget-divider--view-line elementor-widget elementor-widget-divider\" data-id=\"222f6bb9\" data-element_type=\"widget\" data-e-type=\"widget\" data-widget_type=\"divider.default\">\n\t\t\t\t<div class=\"elementor-widget-container\">\n\t\t\t\t\t\t\t<div class=\"elementor-divider\">\n\t\t\t<span class=\"elementor-divider-separator\">\n\t\t\t\t\t\t<\/span>\n\t\t<\/div>\n\t\t\t\t\t\t<\/div>\n\t\t\t\t<\/div>\n\t\t\t\t<div class=\"elementor-element elementor-element-18def856 elementor-widget elementor-widget-spacer\" data-id=\"18def856\" data-element_type=\"widget\" data-e-type=\"widget\" data-widget_type=\"spacer.default\">\n\t\t\t\t<div class=\"elementor-widget-container\">\n\t\t\t\t\t\t\t<div class=\"elementor-spacer\">\n\t\t\t<div class=\"elementor-spacer-inner\"><\/div>\n\t\t<\/div>\n\t\t\t\t\t\t<\/div>\n\t\t\t\t<\/div>\n\t\t\t\t<div class=\"elementor-element elementor-element-b138eca elementor-widget elementor-widget-image\" data-id=\"b138eca\" data-element_type=\"widget\" data-e-type=\"widget\" data-widget_type=\"image.default\">\n\t\t\t\t<div class=\"elementor-widget-container\">\n\t\t\t\t\t\t\t\t\t\t\t\t\t\t\t<img loading=\"lazy\" decoding=\"async\" width=\"960\" height=\"720\" src=\"https:\/\/i0.wp.com\/iestpisa.edu.pe\/webiestpisa\/wp-content\/uploads\/2024\/03\/382234620_747671187370275_8686733190408079147_n.jpg?fit=960%2C720&amp;ssl=1\" class=\"attachment-full size-full wp-image-1921\" alt=\"\" srcset=\"https:\/\/i0.wp.com\/iestpisa.edu.pe\/webiestpisa\/wp-content\/uploads\/2024\/03\/382234620_747671187370275_8686733190408079147_n.jpg?w=960&amp;ssl=1 960w, https:\/\/i0.wp.com\/iestpisa.edu.pe\/webiestpisa\/wp-content\/uploads\/2024\/03\/382234620_747671187370275_8686733190408079147_n.jpg?resize=300%2C225&amp;ssl=1 300w, https:\/\/i0.wp.com\/iestpisa.edu.pe\/webiestpisa\/wp-content\/uploads\/2024\/03\/382234620_747671187370275_8686733190408079147_n.jpg?resize=768%2C576&amp;ssl=1 768w\" sizes=\"auto, (max-width: 800px) 100vw, 800px\" loading=\"lazy\">\t\t\t\t\t\t\t\t\t\t\t\t\t\t\t<\/div>\n\t\t\t\t<\/div>\n\t\t\t\t<div class=\"elementor-element elementor-element-cacc16d elementor-align-center elementor-widget elementor-widget-button\" data-id=\"cacc16d\" data-element_type=\"widget\" data-e-type=\"widget\" data-widget_type=\"button.default\">\n\t\t\t\t<div class=\"elementor-widget-container\">\n\t\t\t\t\t\t\t\t\t<div class=\"elementor-button-wrapper\">\n\t\t\t\t\t<a class=\"elementor-button elementor-button-link elementor-size-sm\" href=\"https:\/\/iestpisa.edu.pe\/webiestpisa\/contactanos\/\">\n\t\t\t\t\t\t<span class=\"elementor-button-content-wrapper\">\n\t\t\t\t\t\t\t\t\t<span class=\"elementor-button-text\">CONT\u00c1CTANOS<\/span>\n\t\t\t\t\t<\/span>\n\t\t\t\t\t<\/a>\n\t\t\t\t<\/div>\n\t\t\t\t\t\t\t\t<\/div>\n\t\t\t\t<\/div>\n\t\t\t\t\t<\/div>\n\t\t<\/div>\n\t\t\t\t\t<\/div>\n\t\t<\/section>\n\t\t<div class=\"elementor-element elementor-element-b91e678 e-flex e-con-boxed e-con e-parent\" data-id=\"b91e678\" data-element_type=\"container\" data-e-type=\"container\">\n\t\t\t\t\t<div class=\"e-con-inner\">\n\t\t<div class=\"elementor-element elementor-element-56e652c e-con-full e-flex e-con e-child\" data-id=\"56e652c\" data-element_type=\"container\" data-e-type=\"container\">\n\t\t\t\t<div class=\"elementor-element elementor-element-aaaa1e1 elementor-widget elementor-widget-text-editor\" data-id=\"aaaa1e1\" data-element_type=\"widget\" data-e-type=\"widget\" data-widget_type=\"text-editor.default\">\n\t\t\t\t<div class=\"elementor-widget-container\">\n\t\t\t\t\t\t\t\t\t<p>El Instituto de Educaci\u00f3n Superior Privado \u201cSANTA ANGELA\u201d es una Instituci\u00f3n Educativa de Gesti\u00f3n Privada que nace para ofrecer el servicio de la Educaci\u00f3n Superior Tecnol\u00f3gica en la Provincia de Piura, ofertando las carreras profesionales t\u00e9cnicas de Gesti\u00f3n Administrativa, Enfermer\u00eda T\u00e9cnica y Desarrollo de Sistemas de Informaci\u00f3n, con una duraci\u00f3n de 03 a\u00f1os y otorga t\u00edtulos de Profesional T\u00e9cnico a Nombre de la Naci\u00f3n.<\/p><p>El IESP \u201cSANTA ANGELA\u201d fue creado mediante la Resoluci\u00f3n Ministerial N\u00b00483-94-ED para ofertar las carreras profesionales t\u00e9cnicas de Enfermer\u00eda T\u00e9cnica, Computaci\u00f3n e Inform\u00e1tica y Secretariado Ejecutivo, en su local institucional de ese entonces ubicado en la Av. S\u00e1nchez Cerro N\u00ba536 del distrito, provincia y departamento de Piura.<\/p><p>Luego de un exigente proceso de evaluaci\u00f3n, mediante la Resoluci\u00f3n Directoral N\u00b0085-2005, obtuvo la revalidaci\u00f3n del funcionamiento institucional y de carreras, certificando as\u00ed la calidad del servicio educativo que oferta el IESP \u201cSANTA ANGELA\u201d.<\/p><p>En el a\u00f1o 2013, se expide la Constancia de Adecuaci\u00f3n Institucional N\u00b0298 y el Certificado de Adecuaci\u00f3n de Planes de Estudio de las carreras profesionales t\u00e9cnicas, de conformidad a lo dispuesto en la Ley N\u00b029394, Ley de Institutos y Escuelas de Educaci\u00f3n Superior.<\/p>\t\t\t\t\t\t\t\t<\/div>\n\t\t\t\t<\/div>\n\t\t\t\t<\/div>\n\t\t<div class=\"elementor-element elementor-element-141c85f e-con-full e-flex e-con e-child\" data-id=\"141c85f\" data-element_type=\"container\" data-e-type=\"container\">\n\t\t\t\t<div class=\"elementor-element elementor-element-ca4ea9e elementor-widget elementor-widget-text-editor\" data-id=\"ca4ea9e\" data-element_type=\"widget\" data-e-type=\"widget\" data-widget_type=\"text-editor.default\">\n\t\t\t\t<div class=\"elementor-widget-container\">\n\t\t\t\t\t\t\t\t\t<p>Ante la demanda de los estudiantes por la ampliaci\u00f3n de nuevas carreras profesionales t\u00e9cnicas, mediante Oficio N\u00ba1847 \u2013 2014-MINEDU\/VMGP DIGESUTPA de fecha 14 de agosto del 2014, se autoriza al IES Privado \u201cSANTA ANGELA\u201d a desarrollar la carrera profesional t\u00e9cnica de Gesti\u00f3n Administrativa en su local ubicado encalle Cuzco N\u00b0375 y Av. S\u00e1nchez Cerro N\u00b0536 del distrito, provincia y departamento de Piura.<\/p>\n<p>Es as\u00ed que, desde el a\u00f1o 2013, el Instituto brinda formaci\u00f3n acad\u00e9mica aplicando un nuevo dise\u00f1o curricular basado en el enfoque por competencias, lo que permite al estudiante insertarse en forma r\u00e1pida al mercado laboral a trav\u00e9s de una certificaci\u00f3n modular progresiva la cual va de la mano a la ejecuci\u00f3n de las pr\u00e1cticas pre profesionales o experiencias formativas en situaciones reales de trabajo.<\/p>\n<p>Actualmente, el IES Privado \u201cSANTA ANGELA\u201d ha adecuado las carreras que oferta al Cat\u00e1logo Nacional de la Oferta Formativa \u2013 CNOF, la misma ha permitido actualizar los planes de estudios tomando como referente las necesidades laborales del sector productivo, y es as\u00ed como desde el a\u00f1o 2024 el instituto ofrece los programas de estudios: Enfermer\u00eda T\u00e9cnica, Desarrollo de Sistemas de Informaci\u00f3n y Gesti\u00f3n Administrativa, para lo cual se ha complementado con una moderna infraestructura y equipamiento moderno acorde a los avances tecnol\u00f3gico.<\/p>\t\t\t\t\t\t\t\t<\/div>\n\t\t\t\t<\/div>\n\t\t\t\t<\/div>\n\t\t\t\t\t<\/div>\n\t\t\t\t<\/div>\n\t\t\t\t<\/div>\n\t\t<\/body>","protected":false},"excerpt":{"rendered":"<p>ISA &#8211; Santa Angela\u200b CONT\u00c1CTANOS El Instituto de Educaci\u00f3n Superior Privado \u201cSANTA ANGELA\u201d es una Instituci\u00f3n Educativa de Gesti\u00f3n Privada que nace para ofrecer el servicio de la Educaci\u00f3n Superior Tecnol\u00f3gica en la Provincia de Piura, ofertando las carreras profesionales t\u00e9cnicas de Gesti\u00f3n Administrativa, Enfermer\u00eda T\u00e9cnica y Desarrollo de Sistemas de Informaci\u00f3n, con una duraci\u00f3n [&hellip;]<\/p>\n","protected":false},"author":1,"featured_media":0,"parent":0,"menu_order":0,"comment_status":"closed","ping_status":"closed","template":"elementor_header_footer","meta":{"_joinchat":[],"footnotes":""},"class_list":["post-57","page","type-page","status-publish","hentry"],"jetpack_sharing_enabled":true,"_links":{"self":[{"href":"https:\/\/iestpisa.edu.pe\/webiestpisa\/wp-json\/wp\/v2\/pages\/57","targetHints":{"allow":["GET"]}}],"collection":[{"href":"https:\/\/iestpisa.edu.pe\/webiestpisa\/wp-json\/wp\/v2\/pages"}],"about":[{"href":"https:\/\/iestpisa.edu.pe\/webiestpisa\/wp-json\/wp\/v2\/types\/page"}],"author":[{"embeddable":true,"href":"https:\/\/iestpisa.edu.pe\/webiestpisa\/wp-json\/wp\/v2\/users\/1"}],"replies":[{"embeddable":true,"href":"https:\/\/iestpisa.edu.pe\/webiestpisa\/wp-json\/wp\/v2\/comments?post=57"}],"version-history":[{"count":5,"href":"https:\/\/iestpisa.edu.pe\/webiestpisa\/wp-json\/wp\/v2\/pages\/57\/revisions"}],"predecessor-version":[{"id":3052,"href":"https:\/\/iestpisa.edu.pe\/webiestpisa\/wp-json\/wp\/v2\/pages\/57\/revisions\/3052"}],"wp:attachment":[{"href":"https:\/\/iestpisa.edu.pe\/webiestpisa\/wp-json\/wp\/v2\/media?parent=57"}],"curies":[{"name":"wp","href":"https:\/\/api.w.org\/{rel}","templated":true}]}}